{"id":418,"date":"2013-02-28T19:30:17","date_gmt":"2013-02-28T18:30:17","guid":{"rendered":"http:\/\/www.enviroscop.fr\/actu\/?page_id=418"},"modified":"2026-04-28T10:05:13","modified_gmt":"2026-04-28T09:05:13","slug":"site","status":"publish","type":"page","link":"https:\/\/www.enviroscop.fr\/actu\/","title":{"rendered":"Accueil"},"content":{"rendered":"<div align=\"left\">\n<table style=\"height: 267px;\" width=\"808\">\n<tbody>\n<tr>\n<td width=\"302\">Bienvenue sur le site d&rsquo;Enviroscop.<\/p>\n<p>Que vous soyez :<\/p>\n<ul>\n<li>collectivit\u00e9,<\/li>\n<li>industriel,<\/li>\n<li>administration,<\/li>\n<li>bureaux d&rsquo;\u00e9tudes,<\/li>\n<\/ul>\n<p>nous sommes \u00e0 votre \u00e9coute pour vous accompagner durablement dans votre projet.<\/td>\n<td width=\"302\">Fond\u00e9 en 2007, Enviroscop est un bureau d&rsquo;\u00e9tudes, expertises et conseils dont les consultants-coop\u00e9rateurs-cr\u00e9ateurs capitalisent pr\u00e8s de 30 ans d&rsquo;exp\u00e9rience dans :<\/p>\n<ul>\n<li>l\u2019assistance \u00e0 ma\u00eetrise d\u2019ouvrage, \u00e9tudes et conseils en environnement et d\u00e9veloppement durable,<\/li>\n<li>l\u2019\u00e9valuation environnementale de projets, plans et programmes,<\/li>\n<li>l\u2019int\u00e9gration et la conception paysag\u00e8re,<\/li>\n<li>la cartographie sous SIG, mod\u00e9lisation, indicateurs et bases de donn\u00e9es,<\/li>\n<li>les dossiers \u00ab\u00a0loi sur l&rsquo;eau\u00a0\u00bb,<\/li>\n<li>la communication et la concertation environnementale, la facilitation et l\u2019accompagnement aux changements.<\/li>\n<\/ul>\n<\/td>\n<\/tr>\n<\/tbody>\n<\/table>\n<\/div>\n","protected":false},"excerpt":{"rendered":"<p>Bienvenue sur le site d&rsquo;Enviroscop. Que vous soyez : collectivit\u00e9, industriel, administration, bureaux d&rsquo;\u00e9tudes, nous sommes \u00e0 votre \u00e9coute pour vous accompagner durablement dans votre projet. Fond\u00e9 en 2007, Enviroscop est un bureau d&rsquo;\u00e9tudes, expertises et conseils dont les consultants-coop\u00e9rateurs-cr\u00e9ateurs capitalisent pr\u00e8s de 30 ans d&rsquo;exp\u00e9rience dans : l\u2019assistance \u00e0 ma\u00eetrise d\u2019ouvrage, \u00e9tudes et conseils &hellip; <\/p>\n<p><a class=\"more-link btn\" href=\"https:\/\/www.enviroscop.fr\/actu\/\">Lire la suite<\/a><\/p>\n","protected":false},"author":1,"featured_media":0,"parent":0,"menu_order":1,"comment_status":"closed","ping_status":"closed","template":"template-twocolumnsleft.php","meta":{"jetpack_post_was_ever_published":false,"footnotes":""},"class_list":["post-418","page","type-page","status-publish","hentry","nodate","item-wrap"],"jetpack_shortlink":"https:\/\/wp.me\/P3rXAp-6K","jetpack_likes_enabled":true,"jetpack-related-posts":[{"id":570,"url":"https:\/\/www.enviroscop.fr\/actu\/nos-metiers\/nos-prestations\/integration-environnementale\/","url_meta":{"origin":418,"position":0},"title":"Int\u00e9gration environnementale","author":"Enviroscop","date":"29 mars 2013","format":false,"excerpt":"Dans les projets d'am\u00e9nagement, le respect de l'environnement ne doit pas \u00eatre consid\u00e9r\u00e9 comme une contrainte, mais comme un atout. Notre bureau d'\u00e9tudes et de conseils en environnement vous apporte un angle de vue compl\u00e9mentaire au sein de votre \u00e9quipe projet et vous propose\u00a0d'apporter des solutions pratiques aux probl\u00e8mes rencontr\u00e9s\u2026","rel":"","context":"Article similaire","block_context":{"text":"Article similaire","link":""},"img":{"alt_text":"","src":"https:\/\/i0.wp.com\/www.enviroscop.fr\/mediapool\/57\/575115\/resources\/big_27853080_0_275-147.png?resize=350%2C200","width":350,"height":200},"classes":[]},{"id":5463,"url":"https:\/\/www.enviroscop.fr\/actu\/presentation-detaillee-alliancedescoop\/","url_meta":{"origin":418,"position":1},"title":"Pr\u00e9sentation d\u00e9taill\u00e9e #AllianceDesCoop","author":"Enviroscop","date":"17 juin 2024","format":false,"excerpt":"Bas\u00e9e \u00e0 Montville, en Seine-Maritime, mais active sur le grand quart nord-ouest de la France, ce bureau d'\u00e9tudes, de conseils et d'expertises en environnement et d\u00e9veloppement durable, vous accompagne dans la cr\u00e9ation, l'int\u00e9gration environnementale et l'\u00e9valuation de vos projets ! Bien que son c\u0153ur de m\u00e9tier soit l'\u00e9valuation environnementale de\u2026","rel":"","context":"Article similaire","block_context":{"text":"Article similaire","link":""},"img":{"alt_text":"","src":"https:\/\/i0.wp.com\/www.enviroscop.fr\/actu\/wp-content\/uploads\/2024\/06\/1717137222676.jpeg?resize=350%2C200&ssl=1","width":350,"height":200,"srcset":"https:\/\/i0.wp.com\/www.enviroscop.fr\/actu\/wp-content\/uploads\/2024\/06\/1717137222676.jpeg?resize=350%2C200&ssl=1 1x, https:\/\/i0.wp.com\/www.enviroscop.fr\/actu\/wp-content\/uploads\/2024\/06\/1717137222676.jpeg?resize=525%2C300&ssl=1 1.5x, https:\/\/i0.wp.com\/www.enviroscop.fr\/actu\/wp-content\/uploads\/2024\/06\/1717137222676.jpeg?resize=700%2C400&ssl=1 2x"},"classes":[]},{"id":558,"url":"https:\/\/www.enviroscop.fr\/actu\/nos-metiers\/nos-prestations\/evaluation-environnementale\/","url_meta":{"origin":418,"position":2},"title":"Evaluation environnementale","author":"Enviroscop","date":"29 mars 2013","format":false,"excerpt":"V\u00e9ritable c\u0153ur de notre m\u00e9tier, nous vous accompagnons dans cette d\u00e9marche continue et it\u00e9rative. Elle vous permettra d\u2019analyser les effets sur l\u2019environnement d\u2019un projet, plan ou programme et de pr\u00e9venir ses cons\u00e9quences dommageables sur l\u2019environnement. Nous travaillons sur divers types d'\u00e9valuation, \u00e0 savoir : Etude d\u2019impacts \/ d'incidence : \u00e9olien,\u2026","rel":"","context":"Article similaire","block_context":{"text":"Article similaire","link":""},"img":{"alt_text":"","src":"https:\/\/i0.wp.com\/www.enviroscop.fr\/mediapool\/57\/575115\/resources\/big_27853044_0_275-150.png?resize=350%2C200","width":350,"height":200},"classes":[]},{"id":770,"url":"https:\/\/www.enviroscop.fr\/actu\/qui-sommes-nous\/lequipe\/","url_meta":{"origin":418,"position":3},"title":"L&rsquo;\u00e9quipe","author":"Enviroscop","date":"29 mars 2013","format":false,"excerpt":"Nos neuf profils compl\u00e9mentaires permettent \u00e0 Enviroscop d'\u00eatre au c\u0153ur des attentes des industriels, des pr\u00e9occupations des administrations et des besoins des collectivit\u00e9s. Nathalie BILLER Ing\u00e9nieure environnement et g\u00e9omatique, dipl\u00f4m\u00e9e en Gestion et Protection de la Nature (1996), Am\u00e9nagement Environnement (1998), et SIG-gestion de l\u2019espace (1999), Form\u00e9e \u00e0 la conduite\u2026","rel":"","context":"Article similaire","block_context":{"text":"Article similaire","link":""},"img":{"alt_text":"","src":"https:\/\/i0.wp.com\/www.enviroscop.fr\/actu\/wp-content\/uploads\/2019\/07\/recadrage1000-4.jpg?resize=350%2C200&ssl=1","width":350,"height":200,"srcset":"https:\/\/i0.wp.com\/www.enviroscop.fr\/actu\/wp-content\/uploads\/2019\/07\/recadrage1000-4.jpg?resize=350%2C200&ssl=1 1x, https:\/\/i0.wp.com\/www.enviroscop.fr\/actu\/wp-content\/uploads\/2019\/07\/recadrage1000-4.jpg?resize=525%2C300&ssl=1 1.5x, https:\/\/i0.wp.com\/www.enviroscop.fr\/actu\/wp-content\/uploads\/2019\/07\/recadrage1000-4.jpg?resize=700%2C400&ssl=1 2x"},"classes":[]},{"id":580,"url":"https:\/\/www.enviroscop.fr\/actu\/nos-metiers\/nos-prestations\/concertation\/","url_meta":{"origin":418,"position":4},"title":"Concertation","author":"Enviroscop","date":"29 mars 2013","format":false,"excerpt":"L'objectif de la concertation environnementale n'est\u00a0pas d'apporter un b\u00e9n\u00e9fice \u00e0 une personne en particulier, le porteur de projet. Il s'agit de faire \u00e9voluer et d'enrichir le projet pour accompagner son acceptation locale. Diff\u00e9rents \"outils\" sont disponibles et ma\u00eetris\u00e9s par notre bureau d'\u00e9tudes : Facilitation, concertation, recherche du consensus Animations de\u2026","rel":"","context":"Article similaire","block_context":{"text":"Article similaire","link":""},"img":{"alt_text":"","src":"https:\/\/i0.wp.com\/www.enviroscop.fr\/mediapool\/57\/575115\/resources\/big_27853293_0_275-150.png?resize=350%2C200","width":350,"height":200},"classes":[]},{"id":618,"url":"https:\/\/www.enviroscop.fr\/actu\/qui-sommes-nous\/notre-ethique\/","url_meta":{"origin":418,"position":5},"title":"Notre \u00e9thique","author":"Enviroscop","date":"29 mars 2013","format":false,"excerpt":"Notre engagement \u00e9thique se concr\u00e9tise dans notre travail quotidien. Nous sommes convaincus qu'il est indispensable de mettre en coh\u00e9rence nos paroles et nos actes. Pour ce faire : - nos statuts sont ceux d'une\u00a0SCoP, (Soci\u00e9t\u00e9 Coop\u00e9rative et Participative) - nous prenons des\u00a0engagements\u00a0aupr\u00e8s de nos clients, - nous avons d\u00e9velopp\u00e9 notre\u2026","rel":"","context":"Article similaire","block_context":{"text":"Article similaire","link":""},"img":{"alt_text":"","src":"https:\/\/i0.wp.com\/www.enviroscop.fr\/actu\/wp-content\/uploads\/2013\/03\/Enercoop-N_1-300x191.png?resize=350%2C200","width":350,"height":200},"classes":[]}],"jetpack_sharing_enabled":true,"_links":{"self":[{"href":"https:\/\/www.enviroscop.fr\/actu\/wp-json\/wp\/v2\/pages\/418","targetHints":{"allow":["GET"]}}],"collection":[{"href":"https:\/\/www.enviroscop.fr\/actu\/wp-json\/wp\/v2\/pages"}],"about":[{"href":"https:\/\/www.enviroscop.fr\/actu\/wp-json\/wp\/v2\/types\/page"}],"author":[{"embeddable":true,"href":"https:\/\/www.enviroscop.fr\/actu\/wp-json\/wp\/v2\/users\/1"}],"replies":[{"embeddable":true,"href":"https:\/\/www.enviroscop.fr\/actu\/wp-json\/wp\/v2\/comments?post=418"}],"version-history":[{"count":4,"href":"https:\/\/www.enviroscop.fr\/actu\/wp-json\/wp\/v2\/pages\/418\/revisions"}],"predecessor-version":[{"id":5741,"href":"https:\/\/www.enviroscop.fr\/actu\/wp-json\/wp\/v2\/pages\/418\/revisions\/5741"}],"wp:attachment":[{"href":"https:\/\/www.enviroscop.fr\/actu\/wp-json\/wp\/v2\/media?parent=418"}],"curies":[{"name":"wp","href":"https:\/\/api.w.org\/{rel}","templated":true}]}}

<div align="left">
<table style="height: 267px;" width="808">
<tbody>
<tr>
<td width="302">Bienvenue sur le site d&rsquo;Enviroscop.</p>
<p>Que vous soyez :</p>
<ul>
<li>collectivité,</li>
<li>industriel,</li>
<li>administration,</li>
<li>bureaux d&rsquo;études,</li>
</ul>
<p>nous sommes à votre écoute pour vous accompagner durablement dans votre projet.</td>
<td width="302">Fondé en 2007, Enviroscop est un bureau d&rsquo;études, expertises et conseils dont les consultants-coopérateurs-créateurs capitalisent près de 30 ans d&rsquo;expérience dans :</p>
<ul>
<li>l’assistance à maîtrise d’ouvrage, études et conseils en environnement et développement durable,</li>
<li>l’évaluation environnementale de projets, plans et programmes,</li>
<li>l’intégration et la conception paysagère,</li>
<li>la cartographie sous SIG, modélisation, indicateurs et bases de données,</li>
<li>les dossiers « loi sur l&rsquo;eau »,</li>
<li>la communication et la concertation environnementale, la facilitation et l’accompagnement aux changements.</li>
</ul>
</td>
</tr>
</tbody>
</table>
</div>

<p>Bienvenue sur le site d&rsquo;Enviroscop. Que vous soyez : collectivité, industriel, administration, bureaux d&rsquo;études, nous sommes à votre écoute pour vous accompagner durablement dans votre projet. Fondé en 2007, Enviroscop est un bureau d&rsquo;études, expertises et conseils dont les consultants-coopérateurs-créateurs capitalisent près de 30 ans d&rsquo;expérience dans : l’assistance à maîtrise d’ouvrage, études et conseils &hellip; </p>
<p><a class="more-link btn" href="https://www.enviroscop.fr/actu/">Lire la suite</a></p>

Intégration environnementale

Dans les projets d'aménagement, le respect de l'environnement ne doit pas être considéré comme une contrainte, mais comme un atout. Notre bureau d'études et de conseils en environnement vous apporte un angle de vue complémentaire au sein de votre équipe projet et vous propose d'apporter des solutions pratiques aux problèmes rencontrés…

Présentation détaillée #AllianceDesCoop

Basée à Montville, en Seine-Maritime, mais active sur le grand quart nord-ouest de la France, ce bureau d'études, de conseils et d'expertises en environnement et développement durable, vous accompagne dans la création, l'intégration environnementale et l'évaluation de vos projets ! Bien que son cœur de métier soit l'évaluation environnementale de…

Véritable cœur de notre métier, nous vous accompagnons dans cette démarche continue et itérative. Elle vous permettra d’analyser les effets sur l’environnement d’un projet, plan ou programme et de prévenir ses conséquences dommageables sur l’environnement. Nous travaillons sur divers types d'évaluation, à savoir : Etude d’impacts / d'incidence : éolien,…

L&rsquo;équipe

Nos neuf profils complémentaires permettent à Enviroscop d'être au cœur des attentes des industriels, des préoccupations des administrations et des besoins des collectivités. Nathalie BILLER Ingénieure environnement et géomatique, diplômée en Gestion et Protection de la Nature (1996), Aménagement Environnement (1998), et SIG-gestion de l’espace (1999), Formée à la conduite…

L'objectif de la concertation environnementale n'est pas d'apporter un bénéfice à une personne en particulier, le porteur de projet. Il s'agit de faire évoluer et d'enrichir le projet pour accompagner son acceptation locale. Différents "outils" sont disponibles et maîtrisés par notre bureau d'études : Facilitation, concertation, recherche du consensus Animations de…

Notre éthique

Notre engagement éthique se concrétise dans notre travail quotidien. Nous sommes convaincus qu'il est indispensable de mettre en cohérence nos paroles et nos actes. Pour ce faire : - nos statuts sont ceux d'une SCoP, (Société Coopérative et Participative) - nous prenons des engagements auprès de nos clients, - nous avons développé notre…
