{"id":545,"date":"2013-03-29T14:36:27","date_gmt":"2013-03-29T13:36:27","guid":{"rendered":"http:\/\/www.enviroscop.fr\/actu\/?page_id=545"},"modified":"2020-03-12T09:39:48","modified_gmt":"2020-03-12T08:39:48","slug":"nos-thematiques","status":"publish","type":"page","link":"https:\/\/www.enviroscop.fr\/actu\/nos-metiers\/nos-thematiques\/","title":{"rendered":"Nos th\u00e9matiques"},"content":{"rendered":"<div align=\"left\">\n<div align=\"left\">\n<p><img data-recalc-dims=\"1\" loading=\"lazy\" decoding=\"async\" id=\"27879576\" class=\"alignright\" style=\"margin: 0px; border: 0px;\" src=\"https:\/\/i0.wp.com\/www.enviroscop.fr\/mediapool\/57\/575115\/resources\/27879576.png?resize=300%2C397\" alt=\"\" width=\"300\" height=\"397\" name=\"image_27879576\" border=\"0\" hspace=\"0\" vspace=\"0\" \/><span style=\"font-size: small;\">Nous abordons, notamment au travers de l\u2019\u00e9valuation environnementale, tous les champs de l\u2019environnement et du d\u00e9veloppement durable :<\/span><\/p>\n<ol>\n<li><span style=\"font-size: small;\">Cadre de vie, paysage, patrimoines, urbanisme<\/span><\/li>\n<li><span style=\"font-size: small;\">Biodiversit\u00e9, milieux naturels, trames verte et bleue<\/span><\/li>\n<li><span style=\"font-size: small;\">Ressources naturelles : granulats et roches massives, eau, air, gestion \u00e9conome des sols, \u00e9nergies renouvelables<\/span><\/li>\n<li><span style=\"font-size: small;\">Eau &amp; sols : hydrologie, hydrog\u00e9ologie, zones humides, p\u00e9dologie<\/span><\/li>\n<li><span style=\"font-size: small;\">Nuisances, risques et pollutions<\/span><\/li>\n<li><span style=\"font-size: small;\">Am\u00e9nagement du territoire, climat, air, \u00e9nergies, transports<\/span><\/li>\n<li><span style=\"font-size: small;\">Statistiques environnementales<\/span><\/li>\n<\/ol>\n<p><span style=\"font-size: small;\">Tous ces th\u00e8mes sont abord\u00e9s\/abordables gr\u00e2ce \u00e0 nos techniques d&rsquo;animation, et notre exp\u00e9rience en p\u00e9dagogie, concertation, accompagnement au changement&#8230;<\/span><\/p>\n<\/div>\n<\/div>\n<div><\/div>\n","protected":false},"excerpt":{"rendered":"<p>Nous abordons, notamment au travers de l\u2019\u00e9valuation environnementale, tous les champs de l\u2019environnement et du d\u00e9veloppement durable : Cadre de vie, paysage, patrimoines, urbanisme Biodiversit\u00e9, milieux naturels, trames verte et bleue Ressources naturelles : granulats et roches massives, eau, air, gestion \u00e9conome des sols, \u00e9nergies renouvelables Eau &amp; sols : hydrologie, hydrog\u00e9ologie, zones humides, p\u00e9dologie &hellip; <\/p>\n<p><a class=\"more-link btn\" href=\"https:\/\/www.enviroscop.fr\/actu\/nos-metiers\/nos-thematiques\/\">Lire la suite<\/a><\/p>\n","protected":false},"author":1,"featured_media":0,"parent":543,"menu_order":3,"comment_status":"closed","ping_status":"closed","template":"template-onecolumn.php","meta":{"jetpack_post_was_ever_published":false,"footnotes":""},"class_list":["post-545","page","type-page","status-publish","hentry","nodate","item-wrap"],"jetpack_shortlink":"https:\/\/wp.me\/P3rXAp-8N","jetpack_likes_enabled":true,"jetpack-related-posts":[{"id":625,"url":"https:\/\/www.enviroscop.fr\/actu\/qui-sommes-nous\/notre-ethique\/scop\/","url_meta":{"origin":545,"position":0},"title":"enviroSCOP ?","author":"Enviroscop","date":"29 mars 2013","format":false,"excerpt":"Les SCOP (Soci\u00e9t\u00e9 COop\u00e9rative et Participative) sont des soci\u00e9t\u00e9s commerciales : elles rel\u00e8vent de la loi sur les soci\u00e9t\u00e9s ; elles choisissent d\u2019\u00eatre une soci\u00e9t\u00e9 \u00e0 responsabilit\u00e9 limit\u00e9e (SARL, ce qui est le cas d'Enviroscop) ou une soci\u00e9t\u00e9 anonyme (SA). A cette base juridique viennent se greffer la loi sur\u2026","rel":"","context":"Article similaire","block_context":{"text":"Article similaire","link":""},"img":{"alt_text":"Logo SCOP","src":"https:\/\/i0.wp.com\/www.enviroscop.fr\/actu\/wp-content\/uploads\/2019\/07\/LOGOHEADER-2018-300x70.png?resize=350%2C200","width":350,"height":200},"classes":[]},{"id":535,"url":"https:\/\/www.enviroscop.fr\/actu\/telechargement\/conditions-generales\/","url_meta":{"origin":545,"position":1},"title":"Conditions g\u00e9n\u00e9rales","author":"Enviroscop","date":"29 mars 2013","format":false,"excerpt":"www.enviroscop.fr et actu.enviroscop.com sont deux sites \u00e9dit\u00e9s par Enviroscop : D\u00e9nomination sociale : Enviroscop RCS : ROUEN 498 711 290 SIRET 498 711 290 00045 Date d\u2019immatriculation : 26 juin 2007 Forme juridique : SCOP ARL Capital : variable Num\u00e9ro de TVA intra-communautaire : FR62498711290 Adresse du si\u00e8ge : 27\u2026","rel":"","context":"Article similaire","block_context":{"text":"Article similaire","link":""},"img":{"alt_text":"","src":"","width":0,"height":0},"classes":[]},{"id":620,"url":"https:\/\/www.enviroscop.fr\/actu\/qui-sommes-nous\/notre-ethique\/nos-engagements\/","url_meta":{"origin":545,"position":2},"title":"Nos engagements","author":"Enviroscop","date":"29 mars 2013","format":false,"excerpt":"Partenariat Disponibles et r\u00e9actifs,\u00a0 nous nous investissons dans vos projets comme s\u2019il s\u2019agissait des n\u00f4tres. En tant que\u00a0SCOP, tous nos salari\u00e9s ont int\u00e9r\u00eat \u00e0 la bonne r\u00e9ussite de l\u2019entreprise (actionnariat, participation) et des missions qui leurs sont confi\u00e9es. D\u00e9tenue \u00e0 100% par ses salari\u00e9s, Enviroscop est ind\u00e9pendante des grands groupes.\u2026","rel":"","context":"Article similaire","block_context":{"text":"Article similaire","link":""},"img":{"alt_text":"","src":"","width":0,"height":0},"classes":[]},{"id":558,"url":"https:\/\/www.enviroscop.fr\/actu\/nos-metiers\/nos-prestations\/evaluation-environnementale\/","url_meta":{"origin":545,"position":3},"title":"Evaluation environnementale","author":"Enviroscop","date":"29 mars 2013","format":false,"excerpt":"V\u00e9ritable c\u0153ur de notre m\u00e9tier, nous vous accompagnons dans cette d\u00e9marche continue et it\u00e9rative. Elle vous permettra d\u2019analyser les effets sur l\u2019environnement d\u2019un projet, plan ou programme et de pr\u00e9venir ses cons\u00e9quences dommageables sur l\u2019environnement. Nous travaillons sur divers types d'\u00e9valuation, \u00e0 savoir : Etude d\u2019impacts \/ d'incidence : \u00e9olien,\u2026","rel":"","context":"Article similaire","block_context":{"text":"Article similaire","link":""},"img":{"alt_text":"","src":"https:\/\/i0.wp.com\/www.enviroscop.fr\/mediapool\/57\/575115\/resources\/big_27853044_0_275-150.png?resize=350%2C200","width":350,"height":200},"classes":[]},{"id":5463,"url":"https:\/\/www.enviroscop.fr\/actu\/presentation-detaillee-alliancedescoop\/","url_meta":{"origin":545,"position":4},"title":"Pr\u00e9sentation d\u00e9taill\u00e9e #AllianceDesCoop","author":"Enviroscop","date":"17 juin 2024","format":false,"excerpt":"Bas\u00e9e \u00e0 Montville, en Seine-Maritime, mais active sur le grand quart nord-ouest de la France, ce bureau d'\u00e9tudes, de conseils et d'expertises en environnement et d\u00e9veloppement durable, vous accompagne dans la cr\u00e9ation, l'int\u00e9gration environnementale et l'\u00e9valuation de vos projets ! Bien que son c\u0153ur de m\u00e9tier soit l'\u00e9valuation environnementale de\u2026","rel":"","context":"Article similaire","block_context":{"text":"Article similaire","link":""},"img":{"alt_text":"","src":"https:\/\/i0.wp.com\/www.enviroscop.fr\/actu\/wp-content\/uploads\/2024\/06\/1717137222676.jpeg?resize=350%2C200&ssl=1","width":350,"height":200,"srcset":"https:\/\/i0.wp.com\/www.enviroscop.fr\/actu\/wp-content\/uploads\/2024\/06\/1717137222676.jpeg?resize=350%2C200&ssl=1 1x, https:\/\/i0.wp.com\/www.enviroscop.fr\/actu\/wp-content\/uploads\/2024\/06\/1717137222676.jpeg?resize=525%2C300&ssl=1 1.5x, https:\/\/i0.wp.com\/www.enviroscop.fr\/actu\/wp-content\/uploads\/2024\/06\/1717137222676.jpeg?resize=700%2C400&ssl=1 2x"},"classes":[]},{"id":577,"url":"https:\/\/www.enviroscop.fr\/actu\/nos-metiers\/nos-prestations\/bases-de-donnees-et-cartographie-georeferencee-des-problematiques-environnementales\/","url_meta":{"origin":545,"position":5},"title":"Bases de donn\u00e9es et cartographie g\u00e9or\u00e9f\u00e9renc\u00e9e des probl\u00e9matiques environnementales","author":"Enviroscop","date":"29 mars 2013","format":false,"excerpt":"SIG et bases de donn\u00e9es g\u00e9ographiques sont de plus en plus fr\u00e9quemment utilis\u00e9s pour traiter de probl\u00e9matiques environnementales. Notre exp\u00e9rience en la mati\u00e8re vous permet d'acc\u00e9der \u00e0 ces outils : Cartographie des enjeux du d\u00e9veloppement durable (SIG \/infographie) Gestion de bases de donn\u00e9es M\u00e9thodologies pour l'int\u00e9gration de l'environnement (fonctions \u00e9cologiques,\u2026","rel":"","context":"Article similaire","block_context":{"text":"Article similaire","link":""},"img":{"alt_text":"SIG","src":"https:\/\/i0.wp.com\/www.enviroscop.fr\/actu\/wp-content\/uploads\/2013\/03\/SIG-300x163.png?resize=350%2C200","width":350,"height":200},"classes":[]}],"jetpack_sharing_enabled":true,"_links":{"self":[{"href":"https:\/\/www.enviroscop.fr\/actu\/wp-json\/wp\/v2\/pages\/545","targetHints":{"allow":["GET"]}}],"collection":[{"href":"https:\/\/www.enviroscop.fr\/actu\/wp-json\/wp\/v2\/pages"}],"about":[{"href":"https:\/\/www.enviroscop.fr\/actu\/wp-json\/wp\/v2\/types\/page"}],"author":[{"embeddable":true,"href":"https:\/\/www.enviroscop.fr\/actu\/wp-json\/wp\/v2\/users\/1"}],"replies":[{"embeddable":true,"href":"https:\/\/www.enviroscop.fr\/actu\/wp-json\/wp\/v2\/comments?post=545"}],"version-history":[{"count":1,"href":"https:\/\/www.enviroscop.fr\/actu\/wp-json\/wp\/v2\/pages\/545\/revisions"}],"predecessor-version":[{"id":3656,"href":"https:\/\/www.enviroscop.fr\/actu\/wp-json\/wp\/v2\/pages\/545\/revisions\/3656"}],"up":[{"embeddable":true,"href":"https:\/\/www.enviroscop.fr\/actu\/wp-json\/wp\/v2\/pages\/543"}],"wp:attachment":[{"href":"https:\/\/www.enviroscop.fr\/actu\/wp-json\/wp\/v2\/media?parent=545"}],"curies":[{"name":"wp","href":"https:\/\/api.w.org\/{rel}","templated":true}]}}